{"id":2387,"date":"2026-08-27T09:58:41","date_gmt":"2026-08-27T07:58:41","guid":{"rendered":"https:\/\/www.anfitoscana.net\/site\/?post_type=anfi_cucciolo&#038;p=2387"},"modified":"2026-08-27T09:58:41","modified_gmt":"2026-08-27T07:58:41","slug":"cucciolo-exotic-disponibile","status":"publish","type":"anfi_cucciolo","link":"https:\/\/www.anfitoscana.net\/site\/scheda-cucciolo\/cucciolo-exotic-disponibile\/","title":{"rendered":"Cucciolo Exotic disponibile"},"content":{"rendered":"<p>Shenny&#8217;s Osvaldo &#8211; Cucciolo Exotic Bicolore Blu<br \/>\nOsvaldo \u00e8 un cucciolo dal carattere estremamente equilibrato ed affettuoso. Ha una spiccata dolcezza innata che manifesta con fusa continue non appena incontra lo sguardo delle persone. E&#8217; cresciuto nel cuore del nostro allevamento, \u00e8 un gattino curioso, sicuro di s\u00e9 e perfettamente socializzato. \u00c8 abituato ai rumori domestici, alla manipolazione e alla convivenza, il che lo rende pronto a integrarsi serenamente e senza paure nella sua nuova famiglia. Oltre al suo meraviglioso carattere, Osvaldo rispecchia fedelmente lo standard morfologico di razza e nasce da genitori selezionati e testati per le principali patologie genetiche.<\/p>\n","protected":false},"excerpt":{"rendered":"<p>Shenny&#8217;s Osvaldo &#8211; Cucciolo Exotic Bicolore Blu Osvaldo \u00e8 un cucciolo dal carattere estremamente equilibrato ed affettuoso. Ha una spiccata dolcezza innata che manifesta con fusa continue non appena incontra lo sguardo delle persone. E&#8217; cresciuto nel cuore del nostro allevamento, \u00e8 un gattino curioso, sicuro di s\u00e9 e perfettamente socializzato. \u00c8 abituato ai rumori [&hellip;]<\/p>\n","protected":false},"featured_media":2388,"template":"","anfi_razza_cucciolo":[43],"class_list":["post-2387","anfi_cucciolo","type-anfi_cucciolo","status-publish","has-post-thumbnail","hentry","anfi_razza_cucciolo-exotic-shorthair"],"blocksy_meta":{"styles_descriptor":{"styles":{"desktop":"","tablet":"","mobile":""},"google_fonts":[],"version":8}},"yoast_head":"<!-- This site is optimized with the Yoast SEO plugin v28.4 - https:\/\/yoast.com\/product\/yoast-seo-wordpress\/ -->\n<title>Cucciolo Exotic disponibile -<\/title>\n<meta name=\"robots\" content=\"index, follow, max-snippet:-1, max-image-preview:large, max-video-preview:-1\" \/>\n<link rel=\"canonical\" href=\"https:\/\/www.anfitoscana.net\/site\/scheda-cucciolo\/cucciolo-exotic-disponibile\/\" \/>\n<meta property=\"og:locale\" content=\"it_IT\" \/>\n<meta property=\"og:type\" content=\"article\" \/>\n<meta property=\"og:title\" content=\"Cucciolo Exotic disponibile -\" \/>\n<meta property=\"og:description\" content=\"Shenny&#8217;s Osvaldo &#8211; Cucciolo Exotic Bicolore Blu Osvaldo \u00e8 un cucciolo dal carattere estremamente equilibrato ed affettuoso. Ha una spiccata dolcezza innata che manifesta con fusa continue non appena incontra lo sguardo delle persone. E&#8217; cresciuto nel cuore del nostro allevamento, \u00e8 un gattino curioso, sicuro di s\u00e9 e perfettamente socializzato. \u00c8 abituato ai rumori [&hellip;]\" \/>\n<meta property=\"og:url\" content=\"https:\/\/www.anfitoscana.net\/site\/scheda-cucciolo\/cucciolo-exotic-disponibile\/\" \/>\n<meta property=\"article:publisher\" content=\"https:\/\/www.facebook.com\/anfitoscana\" \/>\n<meta property=\"og:image\" content=\"http:\/\/www.anfitoscana.net\/site\/wp-content\/uploads\/2026\/08\/OSVALDO.jpg\" \/>\n\t<meta property=\"og:image:width\" content=\"526\" \/>\n\t<meta property=\"og:image:height\" content=\"526\" \/>\n\t<meta property=\"og:image:type\" content=\"image\/jpeg\" \/>\n<meta name=\"twitter:card\" content=\"summary_large_image\" \/>\n<meta name=\"twitter:label1\" content=\"Tempo di lettura stimato\" \/>\n\t<meta name=\"twitter:data1\" content=\"1 minuto\" \/>\n<script type=\"application\/ld+json\" class=\"yoast-schema-graph\">{\"@context\":\"https:\\\/\\\/schema.org\",\"@graph\":[{\"@type\":\"WebPage\",\"@id\":\"https:\\\/\\\/www.anfitoscana.net\\\/site\\\/scheda-cucciolo\\\/cucciolo-exotic-disponibile\\\/\",\"url\":\"https:\\\/\\\/www.anfitoscana.net\\\/site\\\/scheda-cucciolo\\\/cucciolo-exotic-disponibile\\\/\",\"name\":\"Cucciolo Exotic disponibile -\",\"isPartOf\":{\"@id\":\"https:\\\/\\\/www.anfitoscana.net\\\/site\\\/#website\"},\"primaryImageOfPage\":{\"@id\":\"https:\\\/\\\/www.anfitoscana.net\\\/site\\\/scheda-cucciolo\\\/cucciolo-exotic-disponibile\\\/#primaryimage\"},\"image\":{\"@id\":\"https:\\\/\\\/www.anfitoscana.net\\\/site\\\/scheda-cucciolo\\\/cucciolo-exotic-disponibile\\\/#primaryimage\"},\"thumbnailUrl\":\"https:\\\/\\\/www.anfitoscana.net\\\/site\\\/wp-content\\\/uploads\\\/2026\\\/08\\\/OSVALDO.jpg\",\"datePublished\":\"2026-08-27T07:58:41+00:00\",\"breadcrumb\":{\"@id\":\"https:\\\/\\\/www.anfitoscana.net\\\/site\\\/scheda-cucciolo\\\/cucciolo-exotic-disponibile\\\/#breadcrumb\"},\"inLanguage\":\"it-IT\",\"potentialAction\":[{\"@type\":\"ReadAction\",\"target\":[\"https:\\\/\\\/www.anfitoscana.net\\\/site\\\/scheda-cucciolo\\\/cucciolo-exotic-disponibile\\\/\"]}]},{\"@type\":\"ImageObject\",\"inLanguage\":\"it-IT\",\"@id\":\"https:\\\/\\\/www.anfitoscana.net\\\/site\\\/scheda-cucciolo\\\/cucciolo-exotic-disponibile\\\/#primaryimage\",\"url\":\"https:\\\/\\\/www.anfitoscana.net\\\/site\\\/wp-content\\\/uploads\\\/2026\\\/08\\\/OSVALDO.jpg\",\"contentUrl\":\"https:\\\/\\\/www.anfitoscana.net\\\/site\\\/wp-content\\\/uploads\\\/2026\\\/08\\\/OSVALDO.jpg\",\"width\":526,\"height\":526},{\"@type\":\"BreadcrumbList\",\"@id\":\"https:\\\/\\\/www.anfitoscana.net\\\/site\\\/scheda-cucciolo\\\/cucciolo-exotic-disponibile\\\/#breadcrumb\",\"itemListElement\":[{\"@type\":\"ListItem\",\"position\":1,\"name\":\"Home\",\"item\":\"https:\\\/\\\/www.anfitoscana.net\\\/site\\\/\"},{\"@type\":\"ListItem\",\"position\":2,\"name\":\"Cucciolo Exotic disponibile\"}]},{\"@type\":\"WebSite\",\"@id\":\"https:\\\/\\\/www.anfitoscana.net\\\/site\\\/#website\",\"url\":\"https:\\\/\\\/www.anfitoscana.net\\\/site\\\/\",\"name\":\"\",\"description\":\"\",\"potentialAction\":[{\"@type\":\"SearchAction\",\"target\":{\"@type\":\"EntryPoint\",\"urlTemplate\":\"https:\\\/\\\/www.anfitoscana.net\\\/site\\\/?s={search_term_string}\"},\"query-input\":{\"@type\":\"PropertyValueSpecification\",\"valueRequired\":true,\"valueName\":\"search_term_string\"}}],\"inLanguage\":\"it-IT\"}]}<\/script>\n<!-- \/ Yoast SEO plugin. -->","yoast_head_json":{"title":"Cucciolo Exotic disponibile -","robots":{"index":"index","follow":"follow","max-snippet":"max-snippet:-1","max-image-preview":"max-image-preview:large","max-video-preview":"max-video-preview:-1"},"canonical":"https:\/\/www.anfitoscana.net\/site\/scheda-cucciolo\/cucciolo-exotic-disponibile\/","og_locale":"it_IT","og_type":"article","og_title":"Cucciolo Exotic disponibile -","og_description":"Shenny&#8217;s Osvaldo &#8211; Cucciolo Exotic Bicolore Blu Osvaldo \u00e8 un cucciolo dal carattere estremamente equilibrato ed affettuoso. Ha una spiccata dolcezza innata che manifesta con fusa continue non appena incontra lo sguardo delle persone. E&#8217; cresciuto nel cuore del nostro allevamento, \u00e8 un gattino curioso, sicuro di s\u00e9 e perfettamente socializzato. \u00c8 abituato ai rumori [&hellip;]","og_url":"https:\/\/www.anfitoscana.net\/site\/scheda-cucciolo\/cucciolo-exotic-disponibile\/","article_publisher":"https:\/\/www.facebook.com\/anfitoscana","og_image":[{"width":526,"height":526,"url":"http:\/\/www.anfitoscana.net\/site\/wp-content\/uploads\/2026\/08\/OSVALDO.jpg","type":"image\/jpeg"}],"twitter_card":"summary_large_image","twitter_misc":{"Tempo di lettura stimato":"1 minuto"},"schema":{"@context":"https:\/\/schema.org","@graph":[{"@type":"WebPage","@id":"https:\/\/www.anfitoscana.net\/site\/scheda-cucciolo\/cucciolo-exotic-disponibile\/","url":"https:\/\/www.anfitoscana.net\/site\/scheda-cucciolo\/cucciolo-exotic-disponibile\/","name":"Cucciolo Exotic disponibile -","isPartOf":{"@id":"https:\/\/www.anfitoscana.net\/site\/#website"},"primaryImageOfPage":{"@id":"https:\/\/www.anfitoscana.net\/site\/scheda-cucciolo\/cucciolo-exotic-disponibile\/#primaryimage"},"image":{"@id":"https:\/\/www.anfitoscana.net\/site\/scheda-cucciolo\/cucciolo-exotic-disponibile\/#primaryimage"},"thumbnailUrl":"https:\/\/www.anfitoscana.net\/site\/wp-content\/uploads\/2026\/08\/OSVALDO.jpg","datePublished":"2026-08-27T07:58:41+00:00","breadcrumb":{"@id":"https:\/\/www.anfitoscana.net\/site\/scheda-cucciolo\/cucciolo-exotic-disponibile\/#breadcrumb"},"inLanguage":"it-IT","potentialAction":[{"@type":"ReadAction","target":["https:\/\/www.anfitoscana.net\/site\/scheda-cucciolo\/cucciolo-exotic-disponibile\/"]}]},{"@type":"ImageObject","inLanguage":"it-IT","@id":"https:\/\/www.anfitoscana.net\/site\/scheda-cucciolo\/cucciolo-exotic-disponibile\/#primaryimage","url":"https:\/\/www.anfitoscana.net\/site\/wp-content\/uploads\/2026\/08\/OSVALDO.jpg","contentUrl":"https:\/\/www.anfitoscana.net\/site\/wp-content\/uploads\/2026\/08\/OSVALDO.jpg","width":526,"height":526},{"@type":"BreadcrumbList","@id":"https:\/\/www.anfitoscana.net\/site\/scheda-cucciolo\/cucciolo-exotic-disponibile\/#breadcrumb","itemListElement":[{"@type":"ListItem","position":1,"name":"Home","item":"https:\/\/www.anfitoscana.net\/site\/"},{"@type":"ListItem","position":2,"name":"Cucciolo Exotic disponibile"}]},{"@type":"WebSite","@id":"https:\/\/www.anfitoscana.net\/site\/#website","url":"https:\/\/www.anfitoscana.net\/site\/","name":"","description":"","potentialAction":[{"@type":"SearchAction","target":{"@type":"EntryPoint","urlTemplate":"https:\/\/www.anfitoscana.net\/site\/?s={search_term_string}"},"query-input":{"@type":"PropertyValueSpecification","valueRequired":true,"valueName":"search_term_string"}}],"inLanguage":"it-IT"}]}},"_links":{"self":[{"href":"https:\/\/www.anfitoscana.net\/site\/wp-json\/wp\/v2\/anfi_cucciolo\/2387","targetHints":{"allow":["GET"]}}],"collection":[{"href":"https:\/\/www.anfitoscana.net\/site\/wp-json\/wp\/v2\/anfi_cucciolo"}],"about":[{"href":"https:\/\/www.anfitoscana.net\/site\/wp-json\/wp\/v2\/types\/anfi_cucciolo"}],"wp:featuredmedia":[{"embeddable":true,"href":"https:\/\/www.anfitoscana.net\/site\/wp-json\/wp\/v2\/media\/2388"}],"wp:attachment":[{"href":"https:\/\/www.anfitoscana.net\/site\/wp-json\/wp\/v2\/media?parent=2387"}],"wp:term":[{"taxonomy":"anfi_razza_cucciolo","embeddable":true,"href":"https:\/\/www.anfitoscana.net\/site\/wp-json\/wp\/v2\/anfi_razza_cucciolo?post=2387"}],"curies":[{"name":"wp","href":"https:\/\/api.w.org\/{rel}","templated":true}]}}

<p>Shenny&#8217;s Osvaldo &#8211; Cucciolo Exotic Bicolore Blu<br />
Osvaldo è un cucciolo dal carattere estremamente equilibrato ed affettuoso. Ha una spiccata dolcezza innata che manifesta con fusa continue non appena incontra lo sguardo delle persone. E&#8217; cresciuto nel cuore del nostro allevamento, è un gattino curioso, sicuro di sé e perfettamente socializzato. È abituato ai rumori domestici, alla manipolazione e alla convivenza, il che lo rende pronto a integrarsi serenamente e senza paure nella sua nuova famiglia. Oltre al suo meraviglioso carattere, Osvaldo rispecchia fedelmente lo standard morfologico di razza e nasce da genitori selezionati e testati per le principali patologie genetiche.</p>

<p>Shenny&#8217;s Osvaldo &#8211; Cucciolo Exotic Bicolore Blu Osvaldo è un cucciolo dal carattere estremamente equilibrato ed affettuoso. Ha una spiccata dolcezza innata che manifesta con fusa continue non appena incontra lo sguardo delle persone. E&#8217; cresciuto nel cuore del nostro allevamento, è un gattino curioso, sicuro di sé e perfettamente socializzato. È abituato ai rumori [&hellip;]</p>

<!-- This site is optimized with the Yoast SEO plugin v28.4 - https://yoast.com/product/yoast-seo-wordpress/ -->
<title>Cucciolo Exotic disponibile -</title>
<meta name="robots" content="index, follow, max-snippet:-1, max-image-preview:large, max-video-preview:-1" />
<link rel="canonical" href="https://www.anfitoscana.net/site/scheda-cucciolo/cucciolo-exotic-disponibile/" />
<meta property="og:locale" content="it_IT" />
<meta property="og:type" content="article" />
<meta property="og:title" content="Cucciolo Exotic disponibile -" />
<meta property="og:description" content="Shenny&#8217;s Osvaldo &#8211; Cucciolo Exotic Bicolore Blu Osvaldo è un cucciolo dal carattere estremamente equilibrato ed affettuoso. Ha una spiccata dolcezza innata che manifesta con fusa continue non appena incontra lo sguardo delle persone. E&#8217; cresciuto nel cuore del nostro allevamento, è un gattino curioso, sicuro di sé e perfettamente socializzato. È abituato ai rumori [&hellip;]" />
<meta property="og:url" content="https://www.anfitoscana.net/site/scheda-cucciolo/cucciolo-exotic-disponibile/" />
<meta property="article:publisher" content="https://www.facebook.com/anfitoscana" />
<meta property="og:image" content="http://www.anfitoscana.net/site/wp-content/uploads/2026/08/OSVALDO.jpg" />
	<meta property="og:image:width" content="526" />
	<meta property="og:image:height" content="526" />
	<meta property="og:image:type" content="image/jpeg" />
<meta name="twitter:card" content="summary_large_image" />
<meta name="twitter:label1" content="Tempo di lettura stimato" />
	<meta name="twitter:data1" content="1 minuto" />
<script type="application/ld+json" class="yoast-schema-graph">{"@context":"https:\/\/schema.org","@graph":[{"@type":"WebPage","@id":"https:\/\/www.anfitoscana.net\/site\/scheda-cucciolo\/cucciolo-exotic-disponibile\/","url":"https:\/\/www.anfitoscana.net\/site\/scheda-cucciolo\/cucciolo-exotic-disponibile\/","name":"Cucciolo Exotic disponibile -","isPartOf":{"@id":"https:\/\/www.anfitoscana.net\/site\/#website"},"primaryImageOfPage":{"@id":"https:\/\/www.anfitoscana.net\/site\/scheda-cucciolo\/cucciolo-exotic-disponibile\/#primaryimage"},"image":{"@id":"https:\/\/www.anfitoscana.net\/site\/scheda-cucciolo\/cucciolo-exotic-disponibile\/#primaryimage"},"thumbnailUrl":"https:\/\/www.anfitoscana.net\/site\/wp-content\/uploads\/2026\/08\/OSVALDO.jpg","datePublished":"2026-08-27T07:58:41+00:00","breadcrumb":{"@id":"https:\/\/www.anfitoscana.net\/site\/scheda-cucciolo\/cucciolo-exotic-disponibile\/#breadcrumb"},"inLanguage":"it-IT","potentialAction":[{"@type":"ReadAction","target":["https:\/\/www.anfitoscana.net\/site\/scheda-cucciolo\/cucciolo-exotic-disponibile\/"]}]},{"@type":"ImageObject","inLanguage":"it-IT","@id":"https:\/\/www.anfitoscana.net\/site\/scheda-cucciolo\/cucciolo-exotic-disponibile\/#primaryimage","url":"https:\/\/www.anfitoscana.net\/site\/wp-content\/uploads\/2026\/08\/OSVALDO.jpg","contentUrl":"https:\/\/www.anfitoscana.net\/site\/wp-content\/uploads\/2026\/08\/OSVALDO.jpg","width":526,"height":526},{"@type":"BreadcrumbList","@id":"https:\/\/www.anfitoscana.net\/site\/scheda-cucciolo\/cucciolo-exotic-disponibile\/#breadcrumb","itemListElement":[{"@type":"ListItem","position":1,"name":"Home","item":"https:\/\/www.anfitoscana.net\/site\/"},{"@type":"ListItem","position":2,"name":"Cucciolo Exotic disponibile"}]},{"@type":"WebSite","@id":"https:\/\/www.anfitoscana.net\/site\/#website","url":"https:\/\/www.anfitoscana.net\/site\/","name":"","description":"","potentialAction":[{"@type":"SearchAction","target":{"@type":"EntryPoint","urlTemplate":"https:\/\/www.anfitoscana.net\/site\/?s={search_term_string}"},"query-input":{"@type":"PropertyValueSpecification","valueRequired":true,"valueName":"search_term_string"}}],"inLanguage":"it-IT"}]}</script>
<!-- / Yoast SEO plugin. -->

Shenny&#8217;s Osvaldo &#8211; Cucciolo Exotic Bicolore Blu Osvaldo è un cucciolo dal carattere estremamente equilibrato ed affettuoso. Ha una spiccata dolcezza innata che manifesta con fusa continue non appena incontra lo sguardo delle persone. E&#8217; cresciuto nel cuore del nostro allevamento, è un gattino curioso, sicuro di sé e perfettamente socializzato. È abituato ai rumori [&hellip;]
